its digit of 1309?
9
What is the thousands digit of 1666?
1
What is the thousands digit of 88078?
8
What is the units digit of 857?
7
What is the units digit of 68257?
7
What is the thousands digit of 60790?
0
What is the tens digit of 3301?
0
What is the tens digit of 14719?
1
What is the ten thousands digit of 88982?
8
What is the units digit of 613?
3
What is the hundreds digit of 2724?
7
What is the hundreds digit of 189865?
8
What is the thousands digit of 2092?
2
What is the ten thousands digit of 16263?
1
What is the units digit of 11538?
8
What is the hundreds digit of 52131?
1
What is the units digit of 1546?
6
What is the tens digit of 8855?
5
What is the hundreds digit of 47317?
3
What is the hundreds digit of 21140?
1
What is the thousands digit of 5990?
5
What is the units digit of 3057?
7
What is the units digit of 22744?
4
What is the thousands digit of 1753?
1
What is the thousands digit of 10850?
0
What is the units digit of 11756?
6
What is the units digit of 958?
8
What is the units digit of 915?
5
What is the ten thousands digit of 31239?
3
What is the thousands digit of 4874?
4
What is the ten thousands digit of 116380?
1
What is the units digit of 1777?
7
What is the hundreds digit of 32287?
2
What is the hundreds digit of 2822?
8
What is the units digit of 1210?
0
What is the hundreds digit of 14383?
3
What is the hundreds digit of 948?
9
What is the tens digit of 28104?
0
What is the hundreds digit of 1659?
6
What is the hundreds digit of 1370?
3
What is the thousands digit of 9415?
9
What is the tens digit of 8283?
8
What is the thousands digit of 23667?
3
What is the hundreds digit of 169?
1
What is the thousands digit of 23891?
3
What is the tens digit of 1930?
3
What is the hundreds digit of 8988?
9
What is the tens digit of 909?
0
What is the units digit of 8536?
6
What is the hundreds digit of 63163?
1
What is the units digit of 1181?
1
What is the tens digit of 627?
2
What is the hundreds digit of 313?
3
What is the units digit of 4203?
3
What is the units digit of 175564?
4
What is the units digit of 13600?
0
What is the thousands digit of 6260?
6
What is the hundreds digit of 92077?
0
What is the hundreds digit of 20473?
4
What is the units digit of 5540?
0
What is the ten thousands digit of 63775?
6
What is the thousands digit of 100474?
0
What is the hundreds digit of 154?
1
What is the units digit of 29954?
4
What is the units digit of 48498?
8
What is the tens digit of 92914?
1
What is the thousands digit of 31706?
1
What is the hundreds digit of 7449?
4
What is the thousands digit of 2771?
2
What is the thousands digit of 18568?
8
What is the thousands digit of 1229?
1
What is the thousands digit of 59415?
9
What is the hundreds digit of 3155?
1
What is the tens digit of 5333?
3
What is the thousands digit of 1356?
1
What is the units digit of 2339?
9
What is the units digit of 1778?
8
What is the thousands digit of 2268?
2
What is the tens digit of 37904?
0
What is the hundreds digit of 988?
9
What is the units digit of 4223?
3
What is the ten thousands digit of 10443?
1
What is the thousands digit of 28601?
8
What is the thousands digit of 4901?
4
What is the units digit of 879?
9
What is the hundred thousands digit of 123530?
1
What is the units digit of 55340?
0
What is the hundreds digit of 21880?
8
What is the hundreds digit of 9022?
0
What is the hundreds digit of 658?
6
What is the units digit of 2486?
6
What is the ten thousands digit of 14297?
1
What is the thousands digit of 25733?
5
What is the thousands digit of 7132?
7
What is the thousands digit of 2519?
2
What is the thousands digit of 3472?
3
What is the thousands digit of 1169?
1
What is the tens digit of 6919?
1
What is the hundreds digit of 17897?
8
What is the tens digit of 746?
4
What is the thousands digit of 2212?
2
What is the thousands digit of 49386?
9
What is the thousands digit of 6882?
6
What is the tens digit of 1051?
5
What is the hundreds digit of 11897?
8
What is the units digit of 3459?
9
What is the thousands digit of 9710?
9
What is the tens digit of 431?
3
What is the tens digit of 3568?
6
What is the thousands digit of 28914?
8
What is the ten thousands digit of 38949?
3
What is the hundreds digit of 21226?
2
What is the hundreds digit of 905?
9
What is the units digit of 9585?
5
What is the tens digit of 85?
8
What is the units digit of 1307?
7
What is the tens digit of 49095?
9
What is the hundreds digit of 309?
3
What is the thousands digit of 7238?
7
What is the hundreds digit of 1288?
2
What is the units digit of 952?
2
What is the units digit of 1034?
4
What is the tens digit of 3937?
3
What is the hundreds digit of 9174?
1
What is the hundreds digit of 491?
4
What is the tens digit of 2431?
3
What is the tens digit of 28804?
0
What is the units digit of 701?
1
What is the units digit of 4868?
8
What is the tens digit of 197?
9
What is the units digit of 7503?
3
What is the hundreds digit of 922?
9
What is the thousands digit of 25930?
5
What is the thousands digit of 11673?
1
What is the tens digit of 1929?
2
What is the tens digit of 694?
9
What is the tens digit of 152?
5
What is the thousands digit of 3331?
3
What is the hundreds digit of 1299?
2
What is the hundred thousands digit of 108832?
1
What is the hundreds digit of 900?
9
What is the hundreds digit of 462?
4
What is the tens digit of 7494?
9
What is the tens digit of 6054?
5
What is the hundreds digit of 742?
7
What is the tens digit of 6138?
3
What is the thousands digit of 1846?
1
What is the thousands digit of 35677?
5
What is the ten thousands digit of 91133?
9
What is the ten thousands digit of 22053?
2
What is the tens digit of 50725?
2
What is the hundreds digit of 1430?
4
What is the hundreds digit of 321?
3
What is the hundreds digit of 11663?
6
What is the hundreds digit of 36439?
4
What is the tens digit of 369?
6
What is the thousands digit of 1765?
1
What is the tens digit of 6597?
9
What is the tens digit of 603?
0
What is the hundreds digit of 3965?
9
What is the tens digit of 2363?
6
What is the units digit of 33934?
4
What is the hundreds digit of 922?
9
What is the tens digit of 4906?
0
What is the hundreds digit of 923?
9
What is the hundreds digit of 9115?
1
What is the units digit of 899?
9
What is the units digit of 3004?
4
What is the tens digit of 1913?
1
What is the tens digit of 6578?
7
What is the hundreds digit of 11780?
7
What is the thousands digit of 15389?
5
What is the hundreds digit of 1586?
5
What is the tens digit of 1841?
4
What is the tens digit of 1283?
8
What is the tens digit of 1222?
2
What is the thousands digit of 52993?
2
What is the units digit of 2195?
5
What is the hundreds digit of 8431?
4
What is the units digit of 2416?
6
What is the hundreds digit of 50435?
4
What is the ten thousands digit of 20938?
2
What is the tens digit of 2620?
2
What is the hundreds digit of 9923?
9
What is the hundreds digit of 7199?
1
What is the thousands digit of 9272?
9
What is the units digit of 8941?
1
What is the thousands digit of 10620?
0
What is the tens digit of 916?
1
What is the hundreds digit of 115211?
2
What is the units digit of 90372?
2
What is the units digit of 356?
6
What is the hundreds digit of 6529?
5
What is the tens digit of 546?
4
What is the tens digit of 4379?
7
What is the hundreds digit of 1459?
4
What is the thousands digit of 7464?
7
What is the hundreds digit of 87110?
1
What is the hundreds digit of 5994?
9
What is the tens digit of 1322?
2
What is the hundreds digit of 3332?
3
What is the units digit of 36297?
7
What is the units digit of 7949?
9
What is the tens digit of 46?
4
What is the hundred thousands digit of 136532?
1
What is the thousands digit of 13651?
3
What is the tens digit of 1223?
2
What is the units digit of 222?
2
What is the ten thousands digit of 30843?
3
What is the tens digit of 25246?
4
What is the thousands digit of 88315?
8
What is the hundreds digit of 63774?
7
What is the tens digit of 663?
6
What is the hundreds digit of 860?
8
What is the units digit of 17009?
9
What is the hundreds digit of 407?
4
What is the thousands digit of 9886?
9
What is the hundreds digit of 2300?
3
What is the hundred thousands digit of 117987?
1
What is the units digit of 43550?